, 11, 53
Let b = -70 - -50. Let o = b - -85. List the prime factors of o.
5, 13
Let c be 192/20 - (-3)/(-5). Suppose c*n - 10*n = -41. List the prime factors of n.
41
List the prime factors of (-1844)/(-6) - (-7)/(21/2).
2, 7, 11
List the prime factors of (-5)/(5/(-476)) - -5.
13, 37
Suppose -2*l + 8*l = 18. Suppose -5*n - 18 = -4*n + l*z, 3*z = 4*n + 87. What are the prime factors of 480/72*n/(-2)?
2, 5, 7
Let a(v) = -v**2 - 9*v - 14. Let c be a(-7). List the prime factors of (c + 4 + -3)*15.
3, 5
Suppose -5*o - j = -2*j - 13, -4*o + 11 = -j. Suppose o*z + 2*r = -3*z + 121, -3*z + r = -66. Suppose 19*b - z*b = -120. List the prime factors of b.
2, 3, 5
Let m = 417 + -10. What are the prime factors of m?
11, 37
Suppose -39*y - 11016 = -51*y. List the prime factors of y.
2, 3, 17
Let n(z) = 23*z**2 + 16*z + 36. List the prime factors of n(-4).
2, 5, 17
Let k(l) = l**2 - 9*l + 3. Let a be k(9). Suppose -4*y - 49 = -a*y. List the prime factors of (-105)/y - 1/7.
2
Suppose 0 = -40*s - 4883 + 12283. List the prime factors of s.
5, 37
Let t = 22 + -10. Suppose 2*r - v + 12 = 0, -r + 0*v - t = v. Let w = r + 11. What are the prime factors of w?
3
Let g(n) = 2*n**2 + n - 5. Let a be g(-10). Let p = 265 - a. List the prime factors of p.
2, 5
Let m = -8 - -13. Suppose -282 = -8*a + m*a. List the prime factors of a.
2, 47
What are the prime factors of 9993*((-33)/(-45) - 12/30)?
3331
Let u(g) be the second derivative of g**3/3 + 11*g**2/2 + 2*g. Let p(m) = 5*m + 22. Let l(f) = -3*p(f) + 7*u(f). List the prime factors of l(-8).
19
Let u = -134 + 1788. What are the prime factors of u?
2, 827
List the prime factors of 12/10 + (-15)/((-525)/22393).
641
Suppose 4*l = 2*h - 160, -l - 2*l = 4*h - 287. Let y = 48 + h. List the prime factors of y.
2, 61
Let k(j) be the third derivative of 7*j**2 - 11/24*j**4 + 0*j + 1/60*j**5 - j**3 + 0. What are the prime factors of k(13)?
2, 5
Let i(b) = 126*b - 96. What are the prime factors of i(13)?
2, 3, 257
Let k be (-2)/(-6) + 50/(-15). Let i(z) = -8*z**2 - 2*z - 9. Let h(f) = -f**2 - 1. Let l(d) = 14*h(d) - 2*i(d). List the prime factors of l(k).
2, 5
Let v(x) = 3*x**2 + 12*x. Let c(i) = -i + 1. Let t(k) = 5*c(k) + v(k). What are the prime factors of t(-3)?
11
Suppose -2*u + 3*q + 1468 = 0, 56*q - 3670 = -5*u + 53*q. List the prime factors of u.
2, 367
Suppose -i - 2543 = -w, w + 2*i - 2729 + 198 = 0. What are the prime factors of w?
2539
List the prime factors of (-1 - -3) + -2 + (345 - 2).
7
Suppose -2*g - 5*c + c = -138, 4*g - 276 = 3*c. Suppose -3*r - g = -222. List the prime factors of r.
3, 17
Let h(t) = 7*t**2 + 4*t - 40. What are the prime factors of h(6)?
2, 59
Let i(q) = 24 - 5*q**2 - 8 - 15 + 3*q**3 - q**3. What are the prime factors of i(4)?
7
Suppose -5*c = 5*m, 6*c - 9*c = -3*m. What are the prime factors of (1 - 180)/(-1 + m)?
179
Let q(a) = -464*a - 5. List the prime factors of q(-1).
3, 17
Suppose 0 = -3*g - 0 + 3, 4*u = 5*g + 235. Suppose -3*r = q - 19, u = 3*q + q + 4*r. List the prime factors of (-3 - -2) + q - 1.
11
Suppose -41*n = -34*n - 532. List the prime factors of n.
2, 19
Suppose -4*d + 80 = -0*d. Suppose d = -4*l, 3*f - 80 = -2*l - 0*l. Suppose 4*q - 3*o = -o + 10, 2*q = -4*o + f. List the prime factors of q.
5
Suppose 0 = 3*r - 28 + 4. Suppose 25 = -5*w + 2*b, -3*b + 20 = w + r. List the prime factors of (-2)/3 + (-77)/w.
5
Suppose 2 = -o - 0*o - 3*g, -2*o = -3*g - 14. Suppose -28 = o*t - 8*t. Let w = 14 + t. What are the prime factors of w?
3, 7
Let v = 9 + -7. Suppose c - 80 = -3*q, v*q - 9 - 37 = 3*c. Let f = q + 3. List the prime factors of f.
29
Let w = -95 + 98. Suppose -5*h + 260 = 3*m, 4*h + w*m + 49 = 254. What are the prime factors of h?
5, 11
Let g(z) = -z**2 - 10*z + 21. Let b be g(-10). Let k = -19 + b. Suppose -v - 18 = -k*v. What are the prime factors of v?
2, 3
Let n(a) = -a + 8. Let d(t) = -t**3 - 4*t**2 + t + 6. Let h be d(-3). Let p be 36/(-8)*4/h. List the prime factors of n(p).
5
Let d = -1040 - -1973. What are the prime factors of d?
3, 311
Suppose -139*f + 127*f + 21288 = 0. What are the prime factors of f?
2, 887
Let u(w) = -w**3 + 6*w**2 + w + 12. Let g(s) = 4*s + 10. Let n be g(6). Suppose -4*y - 14 = -n. What are the prime factors of u(y)?
2, 3, 7
Let c(j) = -j**3 - j**2 + 3*j. Let i be c(0). Suppose 2*p - 192 = -i*p. List the prime factors of p.
2, 3
Suppose 6*a - 1802 = 148. List the prime factors of a.
5, 13
Suppose 6 = -c - 6. Let h = c - -8. What are the prime factors of (-10)/h*(-344)/(-20)?
43
Let a(k) = 9*k**2 - 26*k - 2. Let v(o) = -2*o**2 + 5*o + 1. Let l(u) = a(u) + 4*v(u). Let w = -9 - -4. List the prime factors of l(w).
3, 19
Let s be (-4011)/42*(1*-1 + 3). Let d = -76 - s. List the prime factors of d.
5, 23
Suppose 5*c = -49 - 11. Let k(a) be the second derivative of -a**3/6 + 15*a**2/2 - 17*a. List the prime factors of k(c).
3
Suppose a - 4*i + 13 = 0, 9*a = 4*a - 3*i - 157. Let g = 38 + a. What are the prime factors of g?
3
What are the prime factors of (-98595)/(-126) + 2/4?
3, 29
Let d(m) = 31*m + 57. Let n(y) = -21*y - 38. Let c(k) = 5*d(k) + 7*n(k). Let b be c(-9). List the prime factors of b/2*(-13 - -11).
53
Let q(g) be the third derivative of -g**5/60 - 29*g**4/24 + 2*g**3/3 - 4*g**2 - 2*g. What are the prime factors of q(-20)?
2, 23
Suppose -6 = -2*p + 2. Suppose 5*n - 65 = -3*l + 121, 2*n - p*l - 90 = 0. What are the prime factors of n?
3, 13
Suppose 0 = 5*y - h - 18, -4*y = 2*h + 5 - 25. Suppose -5*q - 485 = -y*b, 3*b + q = -3*q + 325. List the prime factors of b.
5, 23
Let o(l) = -l**2 + 6*l - 12. Let c be o(8). Let v = -32 - c. Let t(s) = 4*s**2 + 7*s + 10. List the prime factors of t(v).
2, 23
Suppose -v = -3 + 1. Let y be (28/8 + -4)/((-2)/8). Let s = v + y. List the prime factors of s.
2
Let v(x) = -25*x - 10. Let q be v(-6). Let y = q + -70. What are the prime factors of y?
2, 5, 7
Let g(t) be the third derivative of 0 + 1/6*t**4 + 0*t - 2*t**3 - 4*t**2. List the prime factors of g(6).
2, 3
Let o(f) = -64*f**3 - 3*f**2 + f + 4. Let b(m) = -65*m**3 - 2*m**2 + m + 3. Let i(r) = 4*b(r) - 3*o(r). List the prime factors of i(-1).
2, 17
Let j be (4 + 1)/(7/21). Suppose j*y - 11*y = 188. Suppose 2*d - y = -8*t + 3*t, -80 = -3*d + 2*t. List the prime factors of d.
2, 13
Suppose -26 = -3*o - 2*p + 25, -5*o = 2*p - 81. Let c(l) = -l**3 + 14*l**2 + 9*l - 15. Let m be c(o). Let d = m + 156. List the prime factors of d.
3, 17
Let y = -492 + 934. List the prime factors of y.
2, 13, 17
Suppose 0*m - 6 = -3*m. Let l = 14 + m. Suppose l = n + 4*n + 3*r, 3*n + 5*r - 16 = 0. List the prime factors of n.
2
Suppose -3*v + 3554 = 4*s, 0 = -2*v + 2 + 2. What are the prime factors of s?
887
Let x(q) = q**3 + q**2 - 2*q + 353. What are the prime factors of x(0)?
353
Let w(o) = -211*o - 301. List the prime factors of w(-7).
2, 3, 7
Let i(z) = -z**3 + 8*z**2 + 12*z - 17. Let r be i(9). Suppose -r*t - 125 = -15*t. What are the prime factors of t?
5
Let x(a) = 21*a**2 - 5*a + 4. Let o(j) = -20*j**2 + 6*j - 5. Let f(u) = 3*o(u) + 4*x(u). Suppose 0 = 2*h - 5*h + 3. What are the prime factors of f(h)?
23
Suppose -5*c = 126*p - 124*p - 14163, 2*c - 5*p = 5671. List the prime factors of c.
2833
Let o(b) = 52*b + 8. What are the prime factors of o(2)?
2, 7
Suppose 2*a = -a + 798. Suppose 3*f + a = 5*f. List the prime factors of f.
7, 19
Let i = -242 - -343. Let u = i + -54. Suppose 0 = -o - 0*o + u. List the prime factors of o.
47
Let d be ((21/(-7))/(-3))/((-1)/(-3)). List the prime factors of 56/d*15/8*2.
2, 5, 7
Suppose s = -2*s - 4*t - 22, -s - 4*t = 10. List the prime factors of ((-620)/12 + -3)/(s/9).
2, 41
Suppose -25*k + 22 = -24*k. Suppose 347 = 3*r - 4*j, -20*r - 231 = -k*r + 3*j. List the prime factors of r.
3, 13
Let u(a) = -5*a**3 - 2*a**2 + 2*a - 1. Let d be u(1). Let n be (8/d)/((-9)/27). Suppose 0 = 3*x - 6, n*y - 7*y - 5*x + 19 = 0. List the prime factors of y.
3
Let q = 7 + -4. Suppose t = 5*c - 52, 0 = -q*t - 2*t - 10. Let p = -6 + c. List the prime factors of p.
2
Let b = -39 - -42. Let x(k) = 3*k**2 - 3. Let z be x(b). What are the prime factors of (z/(-10))/((-63)/210)?
2
Let r be 24/(-20) - (-2)/10. Let p be (r - -2)/(9/36). Suppose 9*f = p*f + 70. What are the prime factors of f?
2, 7
Let f = 63 - -192. What are the prime factors of f?
3, 